?
4
Let t = 179 + -124. Let w = t + -48. What is the units digit of w?
7
Suppose -1976 = -28*a + 32*a. Let m = -297 - a. What is the units digit of m?
7
Let d be 674/8 + (-5)/20. Suppose 13*m - 12*m = d. What is the tens digit of m?
8
Suppose -12*o + 8261 = -o. What is the tens digit of o?
5
Suppose 940 = -53*w + 55*w. What is the hundreds digit of w?
4
Suppose 6*u = 8*u - 108. Suppose 0 = -0*s - 2*s - 22. Let d = u + s. What is the tens digit of d?
4
Let v be 26/104*(0/(-2))/(-2). Suppose v = -4*s + 119 + 1. What is the tens digit of s?
3
Let x(m) = 7*m**2 - 5*m - 2. Let f(d) be the first derivative of -14*d**3/3 + 11*d**2/2 + 4*d + 7. Let s(z) = 6*f(z) + 13*x(z). What is the units digit of s(3)?
4
What is the tens digit of (18 + -21)/(174/177 + -1)?
7
Let f = 88 + -156. Let p = f - -14. Let s = p + 107. What is the tens digit of s?
5
Suppose -h + 9 = -2*l, 5*l + 19 - 4 = 0. Suppose 5*i - 144 = -h*i. What is the units digit of i?
8
Let f(r) = -r**3 + 5*r**2 + 3*r**3 + 8*r - 3*r**3 - 8. Let s be f(6). Let h = s - -53. What is the tens digit of h?
5
Suppose 3*q + 5*k + 7 = 0, -3*q = -3*k + 5 - 38. Suppose 0 = -q*g - 0*g + 6. What is the units digit of 49 + (-4 - -3)/g?
8
Let w be 5 + 0 - (-5)/(20/(-16)). What is the tens digit of (3/(-2))/((-3)/316*w)?
5
Let c be -4*(0 - 6/(-24)). Let y(g) be the second derivative of -23*g**3/3 + g. What is the tens digit of y(c)?
4
Suppose -22*t + 6*t = -13936. What is the hundreds digit of t?
8
Let u(w) = 203*w**3 + 3*w**2 + 3*w - 8. What is the thousands digit of u(2)?
1
Suppose 5*o - 1445 = -w, -3*o = 4*w - 432 - 435. Suppose -3*f + 5*q + 350 = 0, 5*f + q - 285 - o = 0. What is the hundreds digit of f?
1
Let v = -115 + 117. What is the units digit of 6/v + 0 + 932/4?
6
Suppose -12*o + 8*o = -16. Suppose o*p = -2*k - 14, -3*k + 24 = k - 5*p. What is the units digit of k?
1
What is the units digit of (-5)/(-25) - (-694)/5?
9
Suppose k - 2021 = -4*a, 16*k - 15*k + 5*a = 2022. What is the thousands digit of k?
2
Suppose 90 = 5*q + b, 4*q - 8*b + 3*b = 101. Let m = 11 - q. Let o = 13 + m. What is the units digit of o?
5
Let v(k) = k + 11. Let n be v(6). Suppose 3*w + n = 4*w. What is the tens digit of w?
1
Suppose -37*f = -13*f - 98016. What is the hundreds digit of f?
0
Let r(d) be the second derivative of d**4/6 + 11*d**3/6 + 11*d**2/2 - d. Let t(l) = l**2 - l - 21. Let v be t(-3). What is the units digit of r(v)?
4
Suppose 45 = -4*i + 9. What is the units digit of (-2121)/i - (-4)/(-6)*1?
5
Suppose -2*n = -6, z - 2*n - 125 = 25. What is the tens digit of z?
5
What is the hundreds digit of (3 + -6)/(4/((-5360)/4))?
0
Let a = 632 - 303. Suppose -6*n + a = -133. What is the tens digit of n?
7
Suppose -76 = -4*r - 0. Let i = 53 + r. What is the tens digit of 16/i - (-88)/9?
1
Let q(s) = s**2 + 11*s + 15. Let z be q(-10). Suppose -z*h - 847 = -12*h. What is the units digit of h?
1
Let y(g) = -g**3 + 9*g**2 + g - 6. Let j be y(9). Suppose -26 = 2*a - r + 8, j*r = 4*a + 64. Let o = -8 - a. What is the tens digit of o?
1
Suppose 0 = 13*p - 8*p - 105. Let l = 106 - p. What is the tens digit of l?
8
Suppose -h + 6*p - p = 0, 2*h - 2*p = 0. Let j be (-5 - -1 - -4) + (0 - -3). Suppose -2*u - j*u + 45 = m, -4*m + 20 = h. What is the units digit of u?
8
Let c(s) be the second derivative of 41*s**3/6 - 11*s**2/2 + 6*s. Let o(t) = -21*t + 6. Let m(a) = 3*c(a) + 5*o(a). What is the tens digit of m(4)?
6
Let g = 45 + -16. Let u = g - -10. Suppose -2*z = -9 - u. What is the units digit of z?
4
Let u = -37 + 18. Let n = -5 - u. Suppose -n - 22 = -3*f. What is the tens digit of f?
1
Let i(k) = 11*k**2 - 2*k + 8. What is the thousands digit of i(-12)?
1
Let b = 106 + -102. Suppose 114 = o - b*f, -35 - 197 = -2*o + 4*f. What is the tens digit of o?
1
Suppose 605 - 2753 = -3*a. What is the units digit of a?
6
Let d(s) = 4*s**3 - 2*s**2 + 8*s + 13. What is the hundreds digit of d(6)?
8
Suppose -3*v + 14179 = -4*l, -68*l + 65*l = -2*v + 9453. What is the units digit of v?
5
Let w be (1/(-2))/(1/(-168)). Let s = -48 + w. What is the tens digit of s?
3
Let n be (-10)/(6/(-387)*-3). What is the tens digit of n*(-3)/(30/4) - 0?
8
Let u = 5700 - 3830. What is the tens digit of u?
7
Let u(v) be the third derivative of v**6/360 + v**5/30 - v**4/24 + v**3/6 - 5*v**2. Let d(a) be the first derivative of u(a). What is the units digit of d(-5)?
4
Let s = -362 - -5661. What is the tens digit of s?
9
Suppose 4*d - 6 - 9 = f, 0 = -5*f + d - 37. Let k be (48/f)/(-1)*7. Let z = k + -31. What is the tens digit of z?
1
Let o(h) = h**3 + 16*h**2 + 15*h + 11. Let b be o(-15). Suppose b = 20*d - 9*d. What is the units digit of d?
1
Suppose 0 = -q - 0*d + 3*d + 119, 0 = 3*q + 5*d - 371. What is the tens digit of q?
2
Let f be 564/9 + (3 + -4)/(-3). What is the units digit of ((-8)/12)/((-6)/f)*1?
7
What is the hundreds digit of (1 + 1411)*((-10)/(-8))/5?
3
Suppose -30*t + 31035 = -25065. What is the units digit of t?
0
Let u = -34 + 18. Let x = 106 + u. What is the units digit of x?
0
Suppose g + 4*w + 4 = 0, -1 = -3*g - 2*w - 3. Suppose g = -4*z + 437 - 65. What is the units digit of z?
3
Suppose 0 = -2*x + 5*q - 4*q + 385, x + 2*q - 190 = 0. What is the hundreds digit of x?
1
Let c be 0*2/(-3 - 1). Suppose t + 0*t - 3 = c, 4*t = -4*j + 128. What is the tens digit of j?
2
Let i(l) = l**2 - 11*l + 14. Let o be i(10). Suppose -o = -2*q - 0. What is the units digit of -2*(q + (-180)/8)?
1
Let h be (2/4)/(9/90). Suppose -h*s + 7*s = -32. Let u = s + 38. What is the units digit of u?
2
Suppose 5*n - 1071 = -3*i + 2*n, -i - 2*n = -354. Suppose -11*w + i = -6*w. What is the units digit of w?
2
Let k be 0 + 2 - (-6 + 6). Suppose -h = -k*j + 125, -2*j - h = 3*h - 110. What is the tens digit of j?
6
Let d = -17 - -18. What is the tens digit of 41/1 + (2 - d)?
4
Let p = -172 - -570. Suppose -p = -4*u - 130. What is the units digit of u?
7
Let w = 16 + 68. Suppose -h - 2*k - k + 63 = 0, w = h - 4*k. What is the units digit of h?
2
Let k = 1130 - 467. What is the units digit of k?
3
Suppose -8*k = i - 3*k + 166, -2*i - 353 = 3*k. Let m = -29 - i. What is the units digit of m?
2
Let g = 44 - 45. What is the units digit of 227*(g - 2 - -4)?
7
Suppose 3*m + 0*m - 5*r - 110 = 0, 2*m - 4*r = 76. Let a(w) = 2*w + 6. Let x be a(1). Suppose -x*c = -2*c - m. What is the units digit of c?
5
Let w = 8 + -5. Suppose -w*s + 154 = -s. Suppose -5*p + 93 = -s. What is the units digit of p?
4
Let l(k) = 2*k - 2. Let i be l(5). Let y = 10 - i. Suppose 2*d - y*f - 42 = 0, -4*d + 3*d - 2*f = -33. What is the tens digit of d?
2
Let h be (-11)/(-2) + ((-5)/(-2))/5. Suppose -9 = -3*q - h. What is the units digit of q?
1
Suppose -14*i - 389 = -17931. What is the units digit of i?
3
Suppose 4*s - 41 = -5*z - 0*z, 0 = 4*z - 5*s. Suppose 2*c - 3*g = 152, -219 - 140 = -z*c - 3*g. Suppose -5*f + c = -12. What is the units digit of f?
7
What is the hundreds digit of (-7035)/(-18) + (-75)/90?
3
Suppose 3*f - 7*p = -3*p + 9180, 4*f - 12240 = p. What is the thousands digit of f?
3
Suppose 3*r + 10 = 28. Suppose -r*n = -5*n - 174. What is the hundreds digit of n?
1
Let p = -2 - -847. Suppose 10*d = -35 + p. What is the tens digit of d?
8
Let s be 6*4/(-16)*(-23 - -3). What is the tens digit of ((-120)/75)/((-2)/s)?
2
Let h(z) = -z + 3. Suppose 5*w - 1 - 1 = -2*a, 2 = -2*w + 2*a. Let b be h(w). Suppose -b*f + 4*v + 102 + 10 = 0, 2*f - 60 = -v. What is the tens digit of f?
3
Let s = 1 + 2. Let p(z) = 11*z**2 + 2*z + 1. Let i be p(s). Let d = -52 + i. What is the units digit of d?
4
Let y(z) = -4*z**2 + z - 2. Let r be y(4). Let l be 6/(-45) - r/15. Suppose l*q - 4 = -0. What is the units digit of q?
1
Let r(a) = 742*a**2 + 5*a + 4. What is the units digit of r(-1)?
1
Let y(q) = q - 1. Suppose 4*u + 11 = -f, 3*u + 7 = 3*f - 5. Suppose 3*w + k = 28, -5*k = -4*k - f. What is the units digit of y(w)?
8
Suppose 133 = -18*w + 25*w. What is the units digit of w?
9
Let z(n) = 7 + 0*n**3 - n**3 + 23*n**2 - 2 - 30*n - 35. What is the tens digit of z(21)?
2
Let t = 28 + -30. What is the units digit of -5 + 8 - (0 + t)?
5
Suppose -11*j - 820 = -3*w - 10*j, -3*w + 2*j = -818. What is the hundreds digit of w?
2
Suppose 3*z + 4*f = 722, 5*z + 0*f = 5*f + 1250. What is the hundreds digit of z?
2
Suppose 4*n + 5*l 